{"id":162,"date":"2011-04-21T08:39:21","date_gmt":"2011-04-21T08:39:21","guid":{"rendered":"http:\/\/wwelectronics.se\/wordpress\/?page_id=162"},"modified":"2020-03-03T09:12:44","modified_gmt":"2020-03-03T09:12:44","slug":"beskrivningar","status":"publish","type":"page","link":"https:\/\/wwelectronics.se\/?page_id=162","title":{"rendered":"Beskrivningar"},"content":{"rendered":"<p>Av praktiska sk\u00e4l (kundanpassade system), har vi inte allm\u00e4nna beskrivningar och tekniska data f\u00f6r alla v\u00e5ra levererade programtyper. F\u00f6r varje levererat system ing\u00e5r alltid en komplett dokumentationssats utifr\u00e5n kundkrav och tekniska specifikationer (programbeskrivning inklusive installation-, anv\u00e4ndare- och service instruktioner).<\/p>\n<p>F\u00f6ljande tekniska beskrivningar kan visas, men ocks\u00e5 anpassas efter kundkrav.<\/p>\n<ul>\n<li><a href=\"http:\/\/wwelectronics.se\/wp-content\/uploads\/2011\/04\/b_HFR100i-Standard-1_Se.pdf\" target=\"_blank\" rel=\"noopener noreferrer\">Visa beskrivning HFR100i Dragprovningsprogram<\/a><\/li>\n<li><a href=\"http:\/\/wwelectronics.se\/wp-content\/uploads\/2011\/04\/b_DGM100i_Se.pdf\" target=\"_blank\" rel=\"noopener noreferrer\">Visa beskrivning DGM100i (plattform kundanpassning)<\/a><\/li>\n<li><a href=\"http:\/\/wwelectronics.se\/wp-content\/uploads\/2011\/04\/b_DGM100M-Granlund-3_Us.pdf\" target=\"_blank\" rel=\"noopener noreferrer\">Visa beskrivning DGM100M Axelm\u00e4tprogram (dornar)<\/a><\/li>\n<li><a href=\"http:\/\/wwelectronics.se\/wp-content\/uploads\/2011\/04\/GMC1000mandrel_E.pdf\" target=\"_blank\" rel=\"noopener noreferrer\">Visa broschyr GMC1000 (Granlund dornm\u00e4tmaskin)<\/a><\/li>\n<li><a href=\"http:\/\/wwelectronics.se\/Support\/_WinWareElectronics\/GSC10RakhetsMatare.pdf\" target=\"_blank\" rel=\"noopener noreferrer\">Visa broschyr GSC10 (Granlund rakhetsm\u00e4tare)<\/a><\/li>\n<li><a href=\"http:\/\/wwelectronics.se\/Support\/_WinWareElectronics\/GWC10TradMatare.pdf\" target=\"_blank\" rel=\"noopener noreferrer\">Visa broschyr GWC10 (Granlund tr\u00e5dm\u00e4tare)<\/a><\/li>\n<li><a href=\"http:\/\/wwelectronics.se\/wp-content\/uploads\/2011\/04\/UBXir.pdf\" target=\"_blank\" rel=\"noopener noreferrer\">Visa tekniska data UBXi M\u00e4tinterface<\/a><\/li>\n<li><a href=\"http:\/\/wwelectronics.se\/wp-content\/uploads\/2011\/04\/UBXi16r.pdf\" target=\"_blank\" rel=\"noopener noreferrer\">Visa tekniska data UBXi16 I\/O-Interface<\/a><\/li>\n<\/ul>\n","protected":false},"excerpt":{"rendered":"<p>Av praktiska sk\u00e4l (kundanpassade system), har vi inte allm\u00e4nna beskrivningar och tekniska data f\u00f6r alla v\u00e5ra levererade programtyper. F\u00f6r varje levererat system ing\u00e5r alltid en komplett dokumentationssats utifr\u00e5n kundkrav och tekniska specifikationer (programbeskrivning inklusive installation-, anv\u00e4ndare- och service instruktioner). F\u00f6ljande &hellip; <a href=\"https:\/\/wwelectronics.se\/?page_id=162\">Forts\u00e4tt l\u00e4sa <span class=\"meta-nav\">&rarr;<\/span><\/a><\/p>\n","protected":false},"author":1,"featured_media":0,"parent":0,"menu_order":3,"comment_status":"closed","ping_status":"closed","template":"","meta":[],"_links":{"self":[{"href":"https:\/\/wwelectronics.se\/index.php?rest_route=\/wp\/v2\/pages\/162"}],"collection":[{"href":"https:\/\/wwelectronics.se\/index.php?rest_route=\/wp\/v2\/pages"}],"about":[{"href":"https:\/\/wwelectronics.se\/index.php?rest_route=\/wp\/v2\/types\/page"}],"author":[{"embeddable":true,"href":"https:\/\/wwelectronics.se\/index.php?rest_route=\/wp\/v2\/users\/1"}],"replies":[{"embeddable":true,"href":"https:\/\/wwelectronics.se\/index.php?rest_route=%2Fwp%2Fv2%2Fcomments&post=162"}],"version-history":[{"count":10,"href":"https:\/\/wwelectronics.se\/index.php?rest_route=\/wp\/v2\/pages\/162\/revisions"}],"predecessor-version":[{"id":1406,"href":"https:\/\/wwelectronics.se\/index.php?rest_route=\/wp\/v2\/pages\/162\/revisions\/1406"}],"wp:attachment":[{"href":"https:\/\/wwelectronics.se\/index.php?rest_route=%2Fwp%2Fv2%2Fmedia&parent=162"}],"curies":[{"name":"wp","href":"https:\/\/api.w.org\/{rel}","templated":true}]}}